{"id":4347,"date":"2026-02-04T16:02:33","date_gmt":"2026-02-04T21:02:33","guid":{"rendered":"https:\/\/fortprevel.com\/acceuil-fort-prevel\/?page_id=4347"},"modified":"2026-03-11T14:12:48","modified_gmt":"2026-03-11T18:12:48","slug":"termes-conditions","status":"publish","type":"page","link":"https:\/\/fortprevel.com\/acceuil-fort-prevel\/termes-conditions\/","title":{"rendered":"Termes et conditions"},"content":{"rendered":"\t\t<div data-elementor-type=\"wp-page\" data-elementor-id=\"4347\" class=\"elementor elementor-4347\">\n\t\t\t\t\t\t<section class=\"elementor-section elementor-top-section elementor-element elementor-element-277f4446 elementor-section-boxed elementor-section-height-default elementor-section-height-default\" data-id=\"277f4446\" data-element_type=\"section\" data-e-type=\"section\">\n\t\t\t\t\t\t<div class=\"elementor-container elementor-column-gap-default\">\n\t\t\t\t\t<div class=\"elementor-column elementor-col-100 elementor-top-column elementor-element elementor-element-5f3a6301\" data-id=\"5f3a6301\" data-element_type=\"column\" data-e-type=\"column\">\n\t\t\t<div class=\"elementor-widget-wrap elementor-element-populated\">\n\t\t\t\t\t\t<div class=\"elementor-element elementor-element-7b374d8c elementor-widget__width-initial elementor-widget elementor-widget-text-editor\" data-id=\"7b374d8c\" data-element_type=\"widget\" data-e-type=\"widget\" data-widget_type=\"text-editor.default\">\n\t\t\t\t<div class=\"elementor-widget-container\">\n\t\t\t\t\t\t\t\t\t<h5>R\u00c8GLEMENTS ET INFORMATIONS G\u00c9N\u00c9RALES<\/h5><p>\u2022 Le stationnement est offert gratuitement sur place.<br \/>\u2022 Le WIFI est offert sans frais partout sur le site.<br \/>\u2022 L\u2019\u00e9tablissement est enti\u00e8rement non-fumeur.<br \/>\u2022 Les enfants de moins de 18 ans doivent \u00eatre accompagn\u00e9s d\u2019un adulte.<br \/>\u2022 Les enfants de moins de 18 ans s\u00e9journent gratuitement s\u2019ils partagent la chambre avec un adulte.<br \/>\u2022 Des frais suppl\u00e9mentaires peuvent s\u2019appliquer pour les adultes additionnels.<br \/>\u2022 Toutes les r\u00e9servations doivent \u00eatre garanties par une carte de cr\u00e9dit valide.<br \/>\u2022 Un s\u00e9jour minimum de 2 nuits est requis pour tous les chalets et pr\u00eats-\u00e0-camper, en tout temps.<\/p><h5>HEURES D\u2019ARRIV\u00c9E ET DE D\u00c9PART<\/h5><p><i>Les heures d\u2019arriv\u00e9es et de d\u00e9parts varient selon le type d\u2019h\u00e9bergement.<\/i><\/p><p><strong>Camping<\/strong><\/p><p>L\u2019heure d\u2019arriv\u00e9e est \u00e0 13h00.\u00a0<br \/>L\u2019heure de d\u00e9part est \u00e0 11h00.<\/p><p><strong>Chalets \/ Motel \/ Pavillon ou Auberge \/ Pr\u00eats-\u00e0-camper<\/strong><\/p><p>L\u2019heure d\u2019arriv\u00e9e est \u00e0 16h00.<br \/>L\u2019heure de d\u00e9part est \u00e0 11h00.<\/p><h5>POLITIQUE \u2013 ANIMAUX DE COMPAGNIE<\/h5><p>\u2022 Les animaux de compagnie ne sont pas accept\u00e9s dans les pr\u00eats-\u00e0-camper, les chambres du Pavillon et les chambres de l&#8217;Auberge.<br \/>\u2022 Les animaux de compagnie sont accept\u00e9s sans frais suppl\u00e9mentaires au camping.<br \/>\u2022 Les animaux de compagnie sont accept\u00e9s dans les chalets et les motels, moyennant des frais suppl\u00e9mentaires de 50 $, plus les taxes applicables, par s\u00e9jour. Un maximum de 2 animaux par h\u00e9bergement est accept\u00e9.<br \/>\u2022 Vous \u00eates responsable du comportement de votre animal durant votre s\u00e9jour. Veuillez vous assurer qu&#8217;il ne d\u00e9range pas les autres clients et que ses excr\u00e9ments soient ramass\u00e9s.<br \/>\u2022 Votre animal doit toujours \u00eatre en laisse \u00e0 l\u2019ext\u00e9rieur et dans les endroits publics.<\/p><h5>ACC\u00c8S AUX INSTALLATIONS<\/h5><p>Les clients de Fort Pr\u00e9vel b\u00e9n\u00e9ficient d&#8217;un acc\u00e8s gratuit \u00e0 la piscine ext\u00e9rieure chauff\u00e9e ainsi qu&#8217;\u00e0 la visite guid\u00e9e des fortifications datant de la Deuxi\u00e8me Guerre mondiale.\u00a0Veuillez noter que ces services sont accessibles durant la p\u00e9riode de haute saison seulement.<\/p><p>Ces installations sont \u00e9galement accessibles au public aux tarifs suivants :<\/p><p><strong>Piscine ext\u00e9rieure chauff\u00e9e (plage de 2 heures)<\/strong><br \/>\u2022 6 \u00e0 17 ans : 8 $<br \/>\u2022 18 ans et plus : 13 $<\/p><p><strong>Visite guid\u00e9e des fortifications<\/strong><br \/>\u2022 6 \u00e0 17 ans : 5 $<br \/>\u2022 \u00c9tudiant : 15 $<br \/>\u2022 Adulte : 18 $<br \/>\u2022 V\u00e9t\u00e9ran : 10 $<br \/>\u2022 65 ans et plus : 12 $<br \/>\u2022 Famille de 4 personnes : 40 $<br \/>\u2022 Membre Golf : 5 $<\/p><h5>POLITIQUES D\u2019ANNULATION \u2013 H\u00c9BERGEMENTS ET CAMPING<\/h5><p><strong>H\u00f4tel et Motel<\/strong><br \/>Pour annuler sans frais, merci de nous en informer au moins 48 heures \u00e0 l&#8217;avance. Si l&#8217;annulation survient moins de 48 heures avant votre arriv\u00e9e, des frais \u00e9quivalents \u00e0 une nuit\u00e9e, plus les taxes applicables, seront factur\u00e9s sur votre carte de cr\u00e9dit.<\/p><p><strong>Chalets et pr\u00eat-\u00e0-camper<\/strong><br \/>\u2022 Pour annuler sans frais, merci de nous en informer au moins 7 jours avant le d\u00e9but de votre s\u00e9jour.<br \/>\u2022 Si l&#8217;annulation intervient entre 7 jours et 48 heures avant votre arriv\u00e9e, des frais de 50 % du montant total de la r\u00e9servation, plus les taxes applicables, seront factur\u00e9s sur votre carte de cr\u00e9dit. Pour les s\u00e9jours de 2 nuits ou moins, des frais \u00e9quivalents \u00e0 une nuit\u00e9e, plus les taxes applicables, seront factur\u00e9s.<br \/>\u2022 Toute annulation effectu\u00e9e moins de 48 heures avant le d\u00e9but du s\u00e9jour entra\u00eenera la facturation du montant total de votre r\u00e9servation, plus les taxes applicables.<br \/>\u2022 D\u00e9p\u00f4t de garantie : Un montant de 250 $ sera temporairement pr\u00e9lev\u00e9 sur votre carte de cr\u00e9dit \u00e0 titre de d\u00e9p\u00f4t de garantie. Ce montant sera lib\u00e9r\u00e9 dans un d\u00e9lai de 48 heures suivant votre d\u00e9part, sous r\u00e9serve d&#8217;une inspection satisfaisante des lieux (absence de bris, de dommages ou de non-respect des r\u00e8glements).<\/p><p><strong>Camping<\/strong><br \/>Le paiement total de votre r\u00e9servation de camping, taxes applicables incluses, est requis au moment de la r\u00e9servation.<br \/>Un remboursement complet vous sera accord\u00e9 si vous annulez votre s\u00e9jour au moins 7 jours avant la date pr\u00e9vue. Aucun remboursement ne sera effectu\u00e9 pour les annulations faites moins de 7 jours avant votre arriv\u00e9e.<\/p><p><strong>Forfaits<\/strong> <br \/>La politique d&#8217;annulation applicable correspond au type d&#8217;h\u00e9bergement s\u00e9lectionn\u00e9. En cas d&#8217;annulation, seuls les frais d&#8217;h\u00e9bergement seront factur\u00e9s selon la politique en vigueur. Les portions golf, voiturette et d\u00e9jeuner ne seront pas charg\u00e9es.<\/p>\t\t\t\t\t\t\t\t<\/div>\n\t\t\t\t<\/div>\n\t\t\t\t\t<\/div>\n\t\t<\/div>\n\t\t\t\t\t<\/div>\n\t\t<\/section>\n\t\t\t\t<\/div>\n\t\t","protected":false},"excerpt":{"rendered":"<p>R\u00c8GLEMENTS ET INFORMATIONS G\u00c9N\u00c9RALES \u2022 Le stationnement est offert gratuitement sur place.\u2022 Le WIFI est offert sans frais partout sur le site.\u2022 L\u2019\u00e9tablissement est enti\u00e8rement non-fumeur.\u2022 Les enfants de moins de 18 ans doivent \u00eatre accompagn\u00e9s d\u2019un adulte.\u2022 Les enfants &hellip; <a href=\"https:\/\/fortprevel.com\/acceuil-fort-prevel\/termes-conditions\/\">Read More<\/a><\/p>\n","protected":false},"author":3,"featured_media":0,"parent":0,"menu_order":12,"comment_status":"closed","ping_status":"closed","template":"","meta":{"footnotes":""},"class_list":["post-4347","page","type-page","status-publish","hentry"],"yoast_head":"<!-- This site is optimized with the Yoast SEO plugin v26.8 - https:\/\/yoast.com\/product\/yoast-seo-wordpress\/ -->\n<title>Termes et conditions - Fort-Pr\u00e9vel - Camping, H\u00e9bergement &amp; Golf<\/title>\n<meta name=\"description\" content=\"D\u00e9couvrez les termes et conditions du Fort Pr\u00e9vel pour le camping, l&#039;h\u00e9bergement et le golf. Politiques d&#039;annulation, d&#039;animaux et r\u00e8glements.\" \/>\n<meta name=\"robots\" content=\"index, follow, max-snippet:-1, max-image-preview:large, max-video-preview:-1\" \/>\n<link rel=\"canonical\" href=\"https:\/\/fortprevel.com\/acceuil-fort-prevel\/termes-conditions\/\" \/>\n<meta property=\"og:locale\" content=\"fr_FR\" \/>\n<meta property=\"og:type\" content=\"article\" \/>\n<meta property=\"og:title\" content=\"Termes et conditions - Fort-Pr\u00e9vel - Camping, H\u00e9bergement &amp; Golf\" \/>\n<meta property=\"og:description\" content=\"D\u00e9couvrez les termes et conditions du Fort Pr\u00e9vel pour le camping, l&#039;h\u00e9bergement et le golf. Politiques d&#039;annulation, d&#039;animaux et r\u00e8glements.\" \/>\n<meta property=\"og:url\" content=\"https:\/\/fortprevel.com\/acceuil-fort-prevel\/termes-conditions\/\" \/>\n<meta property=\"og:site_name\" content=\"Fort-Pr\u00e9vel - Camping, H\u00e9bergement &amp; Golf\" \/>\n<meta property=\"article:modified_time\" content=\"2026-03-11T18:12:48+00:00\" \/>\n<meta name=\"twitter:card\" content=\"summary_large_image\" \/>\n<meta name=\"twitter:label1\" content=\"Dur\u00e9e de lecture estim\u00e9e\" \/>\n\t<meta name=\"twitter:data1\" content=\"4 minutes\" \/>\n<script type=\"application\/ld+json\" class=\"yoast-schema-graph\">{\"@context\":\"https:\/\/schema.org\",\"@graph\":[{\"@type\":\"WebPage\",\"@id\":\"https:\/\/fortprevel.com\/acceuil-fort-prevel\/termes-conditions\/\",\"url\":\"https:\/\/fortprevel.com\/acceuil-fort-prevel\/termes-conditions\/\",\"name\":\"Termes et conditions - Fort-Pr\u00e9vel - Camping, H\u00e9bergement &amp; Golf\",\"isPartOf\":{\"@id\":\"https:\/\/fortprevel.com\/acceuil-fort-prevel\/#website\"},\"datePublished\":\"2026-02-04T21:02:33+00:00\",\"dateModified\":\"2026-03-11T18:12:48+00:00\",\"description\":\"D\u00e9couvrez les termes et conditions du Fort Pr\u00e9vel pour le camping, l'h\u00e9bergement et le golf. Politiques d'annulation, d'animaux et r\u00e8glements.\",\"breadcrumb\":{\"@id\":\"https:\/\/fortprevel.com\/acceuil-fort-prevel\/termes-conditions\/#breadcrumb\"},\"inLanguage\":\"fr-FR\",\"potentialAction\":[{\"@type\":\"ReadAction\",\"target\":[\"https:\/\/fortprevel.com\/acceuil-fort-prevel\/termes-conditions\/\"]}]},{\"@type\":\"BreadcrumbList\",\"@id\":\"https:\/\/fortprevel.com\/acceuil-fort-prevel\/termes-conditions\/#breadcrumb\",\"itemListElement\":[{\"@type\":\"ListItem\",\"position\":1,\"name\":\"Accueil\",\"item\":\"https:\/\/fortprevel.com\/acceuil-fort-prevel\/\"},{\"@type\":\"ListItem\",\"position\":2,\"name\":\"Termes et conditions\"}]},{\"@type\":\"WebSite\",\"@id\":\"https:\/\/fortprevel.com\/acceuil-fort-prevel\/#website\",\"url\":\"https:\/\/fortprevel.com\/acceuil-fort-prevel\/\",\"name\":\"Fort-Pr\u00e9vel - Camping, H\u00e9bergement &amp; Golf\",\"description\":\"Camping, h\u00e9bergement &amp; Golf\",\"publisher\":{\"@id\":\"https:\/\/fortprevel.com\/acceuil-fort-prevel\/#organization\"},\"potentialAction\":[{\"@type\":\"SearchAction\",\"target\":{\"@type\":\"EntryPoint\",\"urlTemplate\":\"https:\/\/fortprevel.com\/acceuil-fort-prevel\/?s={search_term_string}\"},\"query-input\":{\"@type\":\"PropertyValueSpecification\",\"valueRequired\":true,\"valueName\":\"search_term_string\"}}],\"inLanguage\":\"fr-FR\"},{\"@type\":\"Organization\",\"@id\":\"https:\/\/fortprevel.com\/acceuil-fort-prevel\/#organization\",\"name\":\"Fort-Pr\u00e9vel - Camping, H\u00e9bergement &amp; Golf\",\"url\":\"https:\/\/fortprevel.com\/acceuil-fort-prevel\/\",\"logo\":{\"@type\":\"ImageObject\",\"inLanguage\":\"fr-FR\",\"@id\":\"https:\/\/fortprevel.com\/acceuil-fort-prevel\/#\/schema\/logo\/image\/\",\"url\":\"https:\/\/fortprevel.com\/wp-content\/uploads\/2023\/09\/cropped-logo-Fort-prevel-2.png\",\"contentUrl\":\"https:\/\/fortprevel.com\/wp-content\/uploads\/2023\/09\/cropped-logo-Fort-prevel-2.png\",\"width\":500,\"height\":417,\"caption\":\"Fort-Pr\u00e9vel - Camping, H\u00e9bergement &amp; Golf\"},\"image\":{\"@id\":\"https:\/\/fortprevel.com\/acceuil-fort-prevel\/#\/schema\/logo\/image\/\"}}]}<\/script>\n<!-- \/ Yoast SEO plugin. -->","yoast_head_json":{"title":"Termes et conditions - Fort-Pr\u00e9vel - Camping, H\u00e9bergement &amp; Golf","description":"D\u00e9couvrez les termes et conditions du Fort Pr\u00e9vel pour le camping, l'h\u00e9bergement et le golf. Politiques d'annulation, d'animaux et r\u00e8glements.","robots":{"index":"index","follow":"follow","max-snippet":"max-snippet:-1","max-image-preview":"max-image-preview:large","max-video-preview":"max-video-preview:-1"},"canonical":"https:\/\/fortprevel.com\/acceuil-fort-prevel\/termes-conditions\/","og_locale":"fr_FR","og_type":"article","og_title":"Termes et conditions - Fort-Pr\u00e9vel - Camping, H\u00e9bergement &amp; Golf","og_description":"D\u00e9couvrez les termes et conditions du Fort Pr\u00e9vel pour le camping, l'h\u00e9bergement et le golf. Politiques d'annulation, d'animaux et r\u00e8glements.","og_url":"https:\/\/fortprevel.com\/acceuil-fort-prevel\/termes-conditions\/","og_site_name":"Fort-Pr\u00e9vel - Camping, H\u00e9bergement &amp; Golf","article_modified_time":"2026-03-11T18:12:48+00:00","twitter_card":"summary_large_image","twitter_misc":{"Dur\u00e9e de lecture estim\u00e9e":"4 minutes"},"schema":{"@context":"https:\/\/schema.org","@graph":[{"@type":"WebPage","@id":"https:\/\/fortprevel.com\/acceuil-fort-prevel\/termes-conditions\/","url":"https:\/\/fortprevel.com\/acceuil-fort-prevel\/termes-conditions\/","name":"Termes et conditions - Fort-Pr\u00e9vel - Camping, H\u00e9bergement &amp; Golf","isPartOf":{"@id":"https:\/\/fortprevel.com\/acceuil-fort-prevel\/#website"},"datePublished":"2026-02-04T21:02:33+00:00","dateModified":"2026-03-11T18:12:48+00:00","description":"D\u00e9couvrez les termes et conditions du Fort Pr\u00e9vel pour le camping, l'h\u00e9bergement et le golf. Politiques d'annulation, d'animaux et r\u00e8glements.","breadcrumb":{"@id":"https:\/\/fortprevel.com\/acceuil-fort-prevel\/termes-conditions\/#breadcrumb"},"inLanguage":"fr-FR","potentialAction":[{"@type":"ReadAction","target":["https:\/\/fortprevel.com\/acceuil-fort-prevel\/termes-conditions\/"]}]},{"@type":"BreadcrumbList","@id":"https:\/\/fortprevel.com\/acceuil-fort-prevel\/termes-conditions\/#breadcrumb","itemListElement":[{"@type":"ListItem","position":1,"name":"Accueil","item":"https:\/\/fortprevel.com\/acceuil-fort-prevel\/"},{"@type":"ListItem","position":2,"name":"Termes et conditions"}]},{"@type":"WebSite","@id":"https:\/\/fortprevel.com\/acceuil-fort-prevel\/#website","url":"https:\/\/fortprevel.com\/acceuil-fort-prevel\/","name":"Fort-Pr\u00e9vel - Camping, H\u00e9bergement &amp; Golf","description":"Camping, h\u00e9bergement &amp; Golf","publisher":{"@id":"https:\/\/fortprevel.com\/acceuil-fort-prevel\/#organization"},"potentialAction":[{"@type":"SearchAction","target":{"@type":"EntryPoint","urlTemplate":"https:\/\/fortprevel.com\/acceuil-fort-prevel\/?s={search_term_string}"},"query-input":{"@type":"PropertyValueSpecification","valueRequired":true,"valueName":"search_term_string"}}],"inLanguage":"fr-FR"},{"@type":"Organization","@id":"https:\/\/fortprevel.com\/acceuil-fort-prevel\/#organization","name":"Fort-Pr\u00e9vel - Camping, H\u00e9bergement &amp; Golf","url":"https:\/\/fortprevel.com\/acceuil-fort-prevel\/","logo":{"@type":"ImageObject","inLanguage":"fr-FR","@id":"https:\/\/fortprevel.com\/acceuil-fort-prevel\/#\/schema\/logo\/image\/","url":"https:\/\/fortprevel.com\/wp-content\/uploads\/2023\/09\/cropped-logo-Fort-prevel-2.png","contentUrl":"https:\/\/fortprevel.com\/wp-content\/uploads\/2023\/09\/cropped-logo-Fort-prevel-2.png","width":500,"height":417,"caption":"Fort-Pr\u00e9vel - Camping, H\u00e9bergement &amp; Golf"},"image":{"@id":"https:\/\/fortprevel.com\/acceuil-fort-prevel\/#\/schema\/logo\/image\/"}}]}},"_links":{"self":[{"href":"https:\/\/fortprevel.com\/acceuil-fort-prevel\/wp-json\/wp\/v2\/pages\/4347","targetHints":{"allow":["GET"]}}],"collection":[{"href":"https:\/\/fortprevel.com\/acceuil-fort-prevel\/wp-json\/wp\/v2\/pages"}],"about":[{"href":"https:\/\/fortprevel.com\/acceuil-fort-prevel\/wp-json\/wp\/v2\/types\/page"}],"author":[{"embeddable":true,"href":"https:\/\/fortprevel.com\/acceuil-fort-prevel\/wp-json\/wp\/v2\/users\/3"}],"replies":[{"embeddable":true,"href":"https:\/\/fortprevel.com\/acceuil-fort-prevel\/wp-json\/wp\/v2\/comments?post=4347"}],"version-history":[{"count":30,"href":"https:\/\/fortprevel.com\/acceuil-fort-prevel\/wp-json\/wp\/v2\/pages\/4347\/revisions"}],"predecessor-version":[{"id":4947,"href":"https:\/\/fortprevel.com\/acceuil-fort-prevel\/wp-json\/wp\/v2\/pages\/4347\/revisions\/4947"}],"wp:attachment":[{"href":"https:\/\/fortprevel.com\/acceuil-fort-prevel\/wp-json\/wp\/v2\/media?parent=4347"}],"curies":[{"name":"wp","href":"https:\/\/api.w.org\/{rel}","templated":true}]}}